1?
-10002
In base 16, what is -27f + 1?
-27e
In base 4, what is -111101 + -10?
-111111
In base 16, what is 1 - -3?
4
In base 2, what is -1111110101 + -11?
-1111111000
In base 10, what is 118 - 17?
101
In base 13, what is -156 + -11?
-167
In base 10, what is -3 + -19?
-22
In base 9, what is -4 + 28?
24
In base 12, what is -3 + 181?
17a
In base 10, what is -3 - 79?
-82
In base 13, what is -5 - 36?
-3b
In base 8, what is 0 - -32?
32
In base 11, what is 6a7 - 1?
6a6
In base 2, what is 100 - 101111?
-101011
In base 15, what is 2 - 3c?
-3a
In base 3, what is -220021 - -11?
-220010
In base 9, what is -3 - -15?
12
In base 12, what is -1a + 208?
1aa
In base 8, what is -1215 + 1?
-1214
In base 2, what is -101 - -111000?
110011
In base 2, what is -11110 - -101101?
1111
In base 4, what is 300103 + -1?
300102
In base 7, what is 143 - -4?
150
In base 13, what is 2 - -1a?
1c
In base 5, what is 222 - 3?
214
In base 2, what is 1011111 - -100?
1100011
In base 16, what is -156 - 2?
-158
In base 12, what is -3 - -1a?
17
In base 4, what is -111 + -23301?
-30012
In base 4, what is 210 + -3?
201
In base 4, what is -120 - 331?
-1111
In base 15, what is -4 - -1a?
16
In base 16, what is 13 - 28?
-15
In base 7, what is 10 - 316?
-306
In base 14, what is b - -66?
73
In base 4, what is 213 - 0?
213
In base 13, what is -30 - -16?
-17
In base 13, what is -4 - -530?
529
In base 8, what is 270 + -63?
205
In base 12, what is 1402 + -1?
1401
In base 8, what is 1 - -2332?
2333
In base 3, what is -11 + -1200?
-1211
In base 5, what is 2 + 31?
33
In base 9, what is 0 + 883?
883
In base 2, what is -110011001 + -101?
-110011110
In base 14, what is -4 - -d80?
d7a
In base 3, what is 11 - 1?
10
In base 9, what is -1 - 272?
-273
In base 5, what is -3 + 1332?
1324
In base 9, what is 2026 + 2?
2028
In base 4, what is -1 - -13033?
13032
In base 14, what is 5 + -d0?
-c9
In base 14, what is 5199 - 3?
5196
In base 5, what is -112104 + 10?
-112044
In base 10, what is -2 + 311?
309
In base 16, what is 11 + -2b?
-1a
In base 11, what is 2aa + 4?
303
In base 5, what is -1 + 1244?
1243
In base 6, what is 25 - -23?
52
In base 5, what is 12 + 131?
143
In base 7, what is 354 + -2?
352
In base 12, what is 30 - 2?
2a
In base 3, what is -12 - 1101?
-1120
In base 6, what is -24 - -112?
44
In base 2, what is 1001111 + -1011?
1000100
In base 4, what is 0 + 221101?
221101
In base 7, what is 0 - 145?
-145
In base 15, what is -3 + 2744?
2741
In base 11, what is -3 - 26?
-29
In base 4, what is -33 + 0?
-33
In base 4, what is 22120 - 2?
22112
In base 8, what is 431 + -37?
372
In base 7, what is 26 + -5?
21
In base 7, what is 554 - 40?
514
In base 12, what is -10 + 12a?
11a
In base 16, what is 670 - 3?
66d
In base 15, what is -26 + 0?
-26
In base 9, what is 4 + -77?
-73
In base 12, what is 0 - -11?
11
In base 6, what is 5 + 223?
232
In base 13, what is 71c - -1?
720
In base 10, what is 257 + -4?
253
In base 15, what is -7 - cc?
-d4
In base 15, what is -46 + -e?
-55
In base 7, what is -30565 - 5?
-30603
In base 12, what is -73 + 5?
-6a
In base 8, what is -1304 - -3?
-1301
In base 4, what is 30 - -21?
111
In base 14, what is -6 - -74?
6c
In base 6, what is -5 + -540?
-545
In base 10, what is -76 - -114?
38
In base 2, what is 10011 - -10010?
100101
In base 12, what is -34 + 1?
-33
In base 14, what is -5 + 1ca?
1c5
In base 6, what is 1 - 3?
-2
In base 2, what is -1011000111110 + 100?
-1011000111010
In base 10, what is 32569 - 0?
32569
In base 14, what is 8 + 339?
343
In base 7, what is -510 + 25?
-452
In base 12, what is -5 - -8?
3
In base 15, what is -13 + -e?
-22
In base 3, what is 100201101 - 11?
100201020
In base 4, what is -10 - -12030?
12020
In base 6, what is -3 - 142?
-145
In base 16, what is 1c - -29?
45
In base 7, what is 215 + 44?
262
In base 14, what is -24cc - -1?
-24cb
In base 11, what is a + -1214?
-1205
In base 7, what is -2 - 636?
-641
In base 5, what is -1131 + -112?
-1243
In base 7, what is -4 + -166?
-203
In base 12, what is 4 - 5a?
-56
In base 8, what is -3 - 750?
-753
In base 14, what is 4 - 1a8?
-1a4
In base 14, what is -1156 - -4?
-1152
In base 8, what is 1 + -742?
-741
In base 2, what is 11 + 100110?
101001
In base 9, what is 20 + 417?
437
In base 4, what is 33002 + -3?
32333
In base 9, what is 34 - -24?
58
In base 14, what is -139 + 0?
-139
In base 4, what is 1133 - 21?
1112
In base 11, what is -1 + -365?
-366
In base 9, what is -6 - 2?
-8
In base 5, what is 3 - -12213?
12221
In base 16, what is ba1 - -4?
ba5
In base 2, what is 100101 + -101?
100000
In base 9, what is -355 + 5?
-350
In base 12, what is 117 + -a5?
32
In base 4, what is 2 + 321120?
321122
In base 8, what is -5 - 52?
-57
In base 9, what is 236 + -2?
234
In base 7, what is -22 - 124?
-146
In base 6, what is 12 + -20?
-4
In base 16, what is 4 + -2?
2
In base 16, what is 93 + -23?
70
In base 6, what is -115 + -5?
-124
In base 12, what is -3 + -737?
-73a
In base 6, what is 12 + -415?
-403
In base 7, what is 1 - -230?
231
In base 13, what is -35 + 20?
-15
In base 15, what is 3 + 29?
2c
In base 11, what is -34 - 4?
-38
In base 6, what is -122 + 4?
-114
In base 13, what is 4 + -32?
-2b
In base 9, what is -444 - 1?
-445
In base 10, what is 26 - 2?
24
In base 4, what is -230 + -2321?
-3211
In base 14, what is -10c + 2?
-10a
In base 14, what is 4 + -69?
-65
In base 6, what is 12 - -1015?
1031
In base 4, what is -113 - -110?
-3
In base 14, what is -26 - -3?
-23
In base 6, what is 4425 + 10?
4435
In base 2, what is 11 - -10000?
10011
In base 11, what is 4 + -27?
-23
In base 11, what is -82 - 0?
-82
In base 11, what is -1a - 979?
-998
In base 3, what is 12112 + -100?
12012
In base 13, what is 4 + -c2?
-bb
In base 16, what is b7 - -7?
be
In base 15, what is 3b - c?
2e
In base 2, what is 11 - -101110100000?
101110100011
In base 16, what is 8 - -2?
a
In base 6, what is -10 - 1111?
-1121
In base 10, what is -1 + -1666?
-1667
In base 11, what is 9 - 11?
-3
In base 16, what is -2 - 148?
-14a
In base 16, what is -26 - a?
-30
In base 3, what is -202 + -11122?
-12101
In base 3, what is 1120 + -1000?
120
In base 16, what is 4 + 54?
58
In base 4, what is -1 + 102?
101
In base 7, what is -31 + 0?
-31
In base 14, what is 8 + 317?
321
In base 16, what is 0 + d?
d
In base 11, what is 31 - 8?
24
In base 7, what is -2 - 12?
-14
In base 8, what is 5 + -22?
-15
In base 5, what is 114 + -1302?
-1133
In base 2, what is 1101001111100 - 1?
1101001111011
In base 2, what is 1111 + 1011?
11010
In base 6, what is -200 + -4?
-204
In base 7, what is 0 + -13?
-13
In base 12, what is 4 - 25?
-21
In base 8, what is -324 - -3?
-321
In base 6, what is 253 + -1?
252
In base 5, what is 344 + -1?
343
In base 14, what is 38 - -5b?
95
In base 14, what is -1 + -4?
-5
In base 13, what is 3 + 9?
c
In base 12, what is 18 + -149?
-131
In base 10, what is -5 - 1655?
-1660
In base 9, what is -1540 + -1?
-1541
In base 12, what is 17 - b?
8
In base 2, what is 10000110 + 11010?
10100000
In base 15, what is -11d6 + 5?
-11d1
In base 5, what is -10 - 133?
-143
In base 10, what is -66 + -5?
-71
In base 5, what is 0 - -1423?
1423
In base 15, what is 12b + 5?
131
In base 16, what is -1 - 5e4?
-5e5
In base 11, what is 2 - 253?
-251
In base 15, what is -ce + e?
-c0
In base 4, what is 12 + -3003?
-2331
In base 16, what is 4 + -b1?
-ad
In base 11, what is -4 - -21?
18
In base 10, what is 383 + 1?
384
In base 16, what is -fe1 - -1?
-fe0
In base 10, what is 1 - 55?
-54
In base 6, what is 1 - -40?
41
In base 10, what is -22 + -366?
-388
In base 14, what is 16 + 6?
1c
In base 16, what is d + 40?
4d
In base 12, what is 5 + 25?
2a
In base 11, what is -5 - 59?
-63
In base 5, what is 323 + -10?
313
In base 15, what is -15 + -4?
-19
In base 7, what is -3 + -210?
-213
In base 6, what is -12 + -213?
-225
In base 6, what is -55514 - -4?
-55510
In base 7, what is 14 - 20?
-3
In base 12, what is 192 - -a5?
277
In base 13, what is 2c9 - 12?
2b7
In base 9, what is 4 + -718?
-714
In base 12, what is 3 - 58?
-55
In base 5, what is 1413 + 0?
1413
In base 6, what is 4 - 14?
-10
In base 15, what is -1 + 16?
15
In base 13, what is cbb + -2?
cb9
In base 2, what is -101 - -1000100010100?
1000100001111
In base 4, what is -1232 + -10?
-1302
In base 10, what is 6 - -391?
397
In base 3, what is -211112 + -1?
-211120
In ba